{"id":58,"date":"2021-01-21T20:47:20","date_gmt":"2021-01-21T19:47:20","guid":{"rendered":"https:\/\/sunflower-theme.de\/demo\/?page_id=58"},"modified":"2021-01-21T20:47:20","modified_gmt":"2021-01-21T19:47:20","slug":"vor-ort","status":"publish","type":"page","link":"https:\/\/sunflower-theme.de\/demo\/vor-ort\/","title":{"rendered":"Vor Ort"},"content":{"rendered":"\n<p>Ortsverb\u00e4nde sind Untergliederungen des Kreisverbandes. Im Kreisgebiet k\u00f6nnen in Orten mit mindestens 7 Mitgliedern Ortsverb\u00e4nde gegr\u00fcndet werden.<\/p>\n\n\n\n<p>Den Ortsverb\u00e4nden ist die Form ihres organisatorischen Aufbaus freigestellt, inhaltlich sind sie an die politischen Grunds\u00e4tze des Kreisverbandes gebunden. Die Ortsverb\u00e4nde arbeiten selbst\u00e4ndig. Themenbezogen kommt es regelm\u00e4\u00dfig zur Zusammenarbeit mit dem Kreisverband bzw. mit anderen Ortsverb\u00e4nden. Neben punktuellen bundes- und landespolitischen Themen liegt der Arbeitsschwerpunkt der Ortsverb\u00e4nde in der Kommunalpolitik.<\/p>\n\n\n\n<ul class=\"wp-block-list\"><li>Musterhausen<\/li><li>Musterstadt<\/li><li>Musterheim<\/li><li>Mustering<\/li><li>Musterinningen<\/li><li>Musterstede<\/li><li>Mustertow<\/li><\/ul>\n","protected":false},"excerpt":{"rendered":"<p>Ortsverb\u00e4nde sind Untergliederungen des Kreisverbandes. Im Kreisgebiet k\u00f6nnen in Orten mit mindestens 7 Mitgliedern Ortsverb\u00e4nde&#8230;<\/p>\n","protected":false},"author":1,"featured_media":0,"parent":0,"menu_order":0,"comment_status":"closed","ping_status":"closed","template":"","meta":{"footnotes":""},"class_list":["post-58","page","type-page","status-publish","hentry"],"yoast_head":"<!-- This site is optimized with the Yoast SEO plugin v27.5 - https:\/\/yoast.com\/product\/yoast-seo-wordpress\/ -->\n<title>Vor Ort - Sunflower 26<\/title>\n<meta name=\"robots\" content=\"index, follow, max-snippet:-1, max-image-preview:large, max-video-preview:-1\" \/>\n<link rel=\"canonical\" href=\"https:\/\/sunflower-theme.de\/demo\/vor-ort\/\" \/>\n<meta property=\"og:locale\" content=\"de_DE\" \/>\n<meta property=\"og:type\" content=\"article\" \/>\n<meta property=\"og:title\" content=\"Vor Ort - Sunflower 26\" \/>\n<meta property=\"og:description\" content=\"Ortsverb\u00e4nde sind Untergliederungen des Kreisverbandes. Im Kreisgebiet k\u00f6nnen in Orten mit mindestens 7 Mitgliedern Ortsverb\u00e4nde...\" \/>\n<meta property=\"og:url\" content=\"https:\/\/sunflower-theme.de\/demo\/vor-ort\/\" \/>\n<meta property=\"og:site_name\" content=\"Sunflower 26\" \/>\n<meta name=\"twitter:card\" content=\"summary_large_image\" \/>\n<script type=\"application\/ld+json\" class=\"yoast-schema-graph\">{\"@context\":\"https:\\\/\\\/schema.org\",\"@graph\":[{\"@type\":\"WebPage\",\"@id\":\"https:\\\/\\\/sunflower-theme.de\\\/demo\\\/vor-ort\\\/\",\"url\":\"https:\\\/\\\/sunflower-theme.de\\\/demo\\\/vor-ort\\\/\",\"name\":\"Vor Ort - Sunflower 26\",\"isPartOf\":{\"@id\":\"https:\\\/\\\/sunflower-theme.de\\\/demo\\\/#website\"},\"datePublished\":\"2021-01-21T19:47:20+00:00\",\"breadcrumb\":{\"@id\":\"https:\\\/\\\/sunflower-theme.de\\\/demo\\\/vor-ort\\\/#breadcrumb\"},\"inLanguage\":\"de\",\"potentialAction\":[{\"@type\":\"ReadAction\",\"target\":[\"https:\\\/\\\/sunflower-theme.de\\\/demo\\\/vor-ort\\\/\"]}]},{\"@type\":\"BreadcrumbList\",\"@id\":\"https:\\\/\\\/sunflower-theme.de\\\/demo\\\/vor-ort\\\/#breadcrumb\",\"itemListElement\":[{\"@type\":\"ListItem\",\"position\":1,\"name\":\"Startseite\",\"item\":\"https:\\\/\\\/sunflower-theme.de\\\/demo\\\/\"},{\"@type\":\"ListItem\",\"position\":2,\"name\":\"Vor Ort\"}]},{\"@type\":\"WebSite\",\"@id\":\"https:\\\/\\\/sunflower-theme.de\\\/demo\\\/#website\",\"url\":\"https:\\\/\\\/sunflower-theme.de\\\/demo\\\/\",\"name\":\"Sunflower 26\",\"description\":\"WordPress-Demoseite\",\"potentialAction\":[{\"@type\":\"SearchAction\",\"target\":{\"@type\":\"EntryPoint\",\"urlTemplate\":\"https:\\\/\\\/sunflower-theme.de\\\/demo\\\/?s={search_term_string}\"},\"query-input\":{\"@type\":\"PropertyValueSpecification\",\"valueRequired\":true,\"valueName\":\"search_term_string\"}}],\"inLanguage\":\"de\"}]}<\/script>\n<!-- \/ Yoast SEO plugin. -->","yoast_head_json":{"title":"Vor Ort - Sunflower 26","robots":{"index":"index","follow":"follow","max-snippet":"max-snippet:-1","max-image-preview":"max-image-preview:large","max-video-preview":"max-video-preview:-1"},"canonical":"https:\/\/sunflower-theme.de\/demo\/vor-ort\/","og_locale":"de_DE","og_type":"article","og_title":"Vor Ort - Sunflower 26","og_description":"Ortsverb\u00e4nde sind Untergliederungen des Kreisverbandes. Im Kreisgebiet k\u00f6nnen in Orten mit mindestens 7 Mitgliedern Ortsverb\u00e4nde...","og_url":"https:\/\/sunflower-theme.de\/demo\/vor-ort\/","og_site_name":"Sunflower 26","twitter_card":"summary_large_image","schema":{"@context":"https:\/\/schema.org","@graph":[{"@type":"WebPage","@id":"https:\/\/sunflower-theme.de\/demo\/vor-ort\/","url":"https:\/\/sunflower-theme.de\/demo\/vor-ort\/","name":"Vor Ort - Sunflower 26","isPartOf":{"@id":"https:\/\/sunflower-theme.de\/demo\/#website"},"datePublished":"2021-01-21T19:47:20+00:00","breadcrumb":{"@id":"https:\/\/sunflower-theme.de\/demo\/vor-ort\/#breadcrumb"},"inLanguage":"de","potentialAction":[{"@type":"ReadAction","target":["https:\/\/sunflower-theme.de\/demo\/vor-ort\/"]}]},{"@type":"BreadcrumbList","@id":"https:\/\/sunflower-theme.de\/demo\/vor-ort\/#breadcrumb","itemListElement":[{"@type":"ListItem","position":1,"name":"Startseite","item":"https:\/\/sunflower-theme.de\/demo\/"},{"@type":"ListItem","position":2,"name":"Vor Ort"}]},{"@type":"WebSite","@id":"https:\/\/sunflower-theme.de\/demo\/#website","url":"https:\/\/sunflower-theme.de\/demo\/","name":"Sunflower 26","description":"WordPress-Demoseite","potentialAction":[{"@type":"SearchAction","target":{"@type":"EntryPoint","urlTemplate":"https:\/\/sunflower-theme.de\/demo\/?s={search_term_string}"},"query-input":{"@type":"PropertyValueSpecification","valueRequired":true,"valueName":"search_term_string"}}],"inLanguage":"de"}]}},"_links":{"self":[{"href":"https:\/\/sunflower-theme.de\/demo\/wp-json\/wp\/v2\/pages\/58","targetHints":{"allow":["GET"]}}],"collection":[{"href":"https:\/\/sunflower-theme.de\/demo\/wp-json\/wp\/v2\/pages"}],"about":[{"href":"https:\/\/sunflower-theme.de\/demo\/wp-json\/wp\/v2\/types\/page"}],"author":[{"embeddable":true,"href":"https:\/\/sunflower-theme.de\/demo\/wp-json\/wp\/v2\/users\/1"}],"replies":[{"embeddable":true,"href":"https:\/\/sunflower-theme.de\/demo\/wp-json\/wp\/v2\/comments?post=58"}],"version-history":[{"count":1,"href":"https:\/\/sunflower-theme.de\/demo\/wp-json\/wp\/v2\/pages\/58\/revisions"}],"predecessor-version":[{"id":59,"href":"https:\/\/sunflower-theme.de\/demo\/wp-json\/wp\/v2\/pages\/58\/revisions\/59"}],"wp:attachment":[{"href":"https:\/\/sunflower-theme.de\/demo\/wp-json\/wp\/v2\/media?parent=58"}],"curies":[{"name":"wp","href":"https:\/\/api.w.org\/{rel}","templated":true}]}}